
2, 3, 257
Suppose -10 = 2*l, 5*i - 4*l - 20 = 2*i. Suppose -2*b = -4*b - 2*y + 594, i = y + 4. What are the prime factors of b?
7, 43
Let j(z) = z**3 + 58*z**2 + 19*z + 1032. What are the prime factors of j(-44)?
2, 3, 5, 7, 13
Suppose -39623 + 16719 = -4*c. List the prime factors of c.
2, 7, 409
Let w(t) = 257*t + 5897. List the prime factors of w(115).
2, 8863
Let h(n) = -5*n**2 - 2*n - 2. Let a be h(3). Let u = 57 + a. Suppose -3*z = -0*z, 644 = u*v - 2*z. List the prime factors of v.
7, 23
Suppose -90 = -4*y + 2*n, n - 69 = -4*y - 4*n. Suppose -y*w - 135 = -24*w. What are the prime factors of w?
3, 5
Let n(x) = -15*x - 177. Let b be n(-12). Suppose 3*h - 444 = -b. List the prime factors of h.
3, 7
Suppose 5*v + 9 = 34. List the prime factors of v - 2/((-8)/468).
2, 61
Suppose 118*m + 1414001 - 5016777 = 0. What are the prime factors of m?
2, 17, 449
What are the prime factors of 4/(-10)*31/(-62) + 29228/10?
37, 79
Suppose 0 = -24*o + 42915 - 5515 + 29992. List the prime factors of o.
2, 3, 13
Let f(j) = -j**3 + 9*j**2 + 7*j - 8. Let x be f(10). Let s = x + 59. Let z(w) = -w**2 + 31*w - 22. List the prime factors of z(s).
2, 47
Suppose -4*u + 3*q = 28, -3 + 15 = 3*q. List the prime factors of -18*(3310/(-30) + u).
2, 3, 7
Let z(y) = y + 3. Let g be z(-1). Let a(n) = -g*n**2 + 3 - 4 + n**2 - 22*n + 0*n**2. What are the prime factors of a(-20)?
3, 13
Suppose 0 = 4*p - 3*p, 4*p = 3*b - 6780. Suppose -6*k + 10*k = -5*x + b, -4*x = -16. What are the prime factors of k?
2, 5, 7
Suppose 36*j + 24 = 42*j. Suppose 0 = -j*v + 2*o + 1038, v - 3*o + 80 = 342. What are the prime factors of v?
7, 37
Let p = -1 + -151. Let m = 184 + p. List the prime factors of m.
2
Suppose 10*a + 5*u = 5*a + 540, 4*a = 5*u + 396. What are the prime factors of a?
2, 13
Suppose -145*j + 2861755 = -312131 + 417001. List the prime factors of j.
19013
List the prime factors of 28/16 + (-19881752)/(-352).
2, 3, 523
Let w(g) = 164*g + 115. Let o be w(3). Let p = 1171 - o. What are the prime factors of p?
2, 3, 47
Suppose -87*v + 78*v = -50382. What are the prime factors of v?
2, 3, 311
Suppose -1267179 = -203*q - 373776. What are the prime factors of q?
3, 163
Let o = -809 + 1366. Let i = o + 212. List the prime factors of i.
769
Suppose 2*k - 13*a = -9*a + 1092, -4*k - 3*a + 2173 = 0. Let g = k + -310. List the prime factors of g.
2, 3, 13
Suppose -c + 7952 = 3*i - 20614, 0 = 3*i + 2*c - 28569. List the prime factors of i.
9521
Suppose 97 = -2*a + 243. Suppose -a = -4*k + 219. What are the prime factors of k?
73
Let o(s) = 8*s - 11. Let k be o(2). List the prime factors of (42/(-28))/(k/(6780/(-9))).
2, 113
Let i(v) = -6*v - 64 + 12 - v. Let j be i(-7). Let s(d) = 18*d**2 - d - 2. List the prime factors of s(j).
163
Let m(t) = -t**2 + t + 9. Let g be m(0). Suppose -4209 = -32*a + g*a. What are the prime factors of a?
3, 61
Suppose 5*c - 331 + 316 = 0. Suppose c*p - 26 = 4. List the prime factors of p.
2, 5
Let u(t) be the third derivative of 61*t**5/30 - t**4/6 - t**3/2 - 16*t**2. Let a(z) = -z**2. Let r(p) = -6*a(p) + u(p). What are the prime factors of r(-1)?
3, 43
Let p(g) = -2*g**3 - 14*g**2 - 1. Let o be p(-7). Let h(m) = -619*m + 8. List the prime factors of h(o).
3, 11, 19
Let k(n) = 4*n**2 - 4*n + 7. Suppose 40*b = 34*b + 24. Let h be k(b). Suppose -h = -3*o + 416. What are the prime factors of o?
157
Let d = 1364 + -712. List the prime factors of d.
2, 163
Let w = -78 + 21. Let s = 1 - w. Suppose 5*j + s = 4*u + 383, 3*j + 3*u = 222. List the prime factors of j.
3, 23
Suppose 111 = 5*i + 26. Let n(y) = y**3 - 16*y**2 - 16*y - 12. Let m be n(i). Suppose -628 - 242 = -m*j. What are the prime factors of j?
2, 3, 29
Suppose z = -6*z + 168. Let g be z + -25 - 1/(2/(-8)). Suppose 0 = 5*p + 2*n - 24, -2*p + 3*p = g*n - 2. List the prime factors of p.
2
Suppose 3*t = -4*p + 31739, -15866 = 96*p - 98*p + 2*t. List the prime factors of p.
2, 3967
Suppose 2*o = 4*o - d + 998, -1996 = 4*o + 4*d. Let l = o + 667. What are the prime factors of l?
2, 3, 7
Suppose 2*j - 32 = -4*n, 7*n - 2*j = 2*n + 31. Suppose 9*r = n*r + 5*o + 245, -4*o - 130 = -r. List the prime factors of r.
2, 5, 11
Let l(u) be the third derivative of 0 - 1/24*u**4 + 0*u + 3/4*u**5 + 2/3*u**3 - 14*u**2. List the prime factors of l(2).
2, 7, 13
Let j be (-7 - -1)*(236/(-24) - -9). Suppose 5*z - k + 3*k = 4860, -25 = -j*k. List the prime factors of z.
2, 5, 97
List the prime factors of ((-24126)/(-8) + 0)/(51/136).
2, 4021
Suppose 743*w = 796*w - 338193. List the prime factors of w.
3, 709
Let a(r) = -193*r - 459. What are the prime factors of a(-43)?
2, 5, 7
Let w(x) = -x**3 - 34*x**2 + 185*x + 292. What are the prime factors of w(-43)?
2, 67
Let v(b) = 31*b + 2122. List the prime factors of v(58).
2, 5, 7
Let i(f) = 21*f**2 - 300*f + 65. What are the prime factors of i(42)?
24509
Suppose 387*z + 1611 = 390*z. Suppose -z - 2 = -r. List the prime factors of r.
7, 11
Let u(r) = 953*r + 110. List the prime factors of u(9).
7, 17, 73
Suppose -3*s + 223 = -l, 2*s + l = 46 + 101. Suppose -7*u = -s + 11. List the prime factors of ((-194)/4)/(u/(-18)).
97
List the prime factors of (-16 + (-332560)/(-60))*6.
2, 5, 829
Let w(f) = -2*f**2 - 51*f - 70. Let m be w(-24). Suppose h - 451 = m*c, -2*h - 5*c = -6*h + 1807. List the prime factors of h.
3, 151
Let o = 9 - 1. Suppose -2*k + o = -a, a + k + 3*k - 10 = 0. What are the prime factors of (2 - 1)/(a/(-32))?
2
Suppose -4*n + 26 = -18. Suppose 14 = z - 3*o, 2*z - n - 3 = -o. What are the prime factors of 12/z*2 + 3?
2, 3
Let s be 3/(2 + (-42)/12). What are the prime factors of (8/28)/(s/(-9058)) + 5?
3, 433
Suppose 156 - 720 = -4*o. Suppose -3*f + 7*f = v - 153, -f = -v + o. Suppose 6*c - 2*b = 3*c + v, 0 = -4*c + 4*b + 180. What are the prime factors of c?
47
Suppose -27571 = -9*f + 2003. Suppose 4*a + 45*r - f = 48*r, r + 3290 = 4*a. List the prime factors of a.
823
Suppose 5*h + 40*h = 36045. What are the prime factors of h?
3, 89
Suppose 29*d - d - 337148 = 0. List the prime factors of d.
12041
Suppose 0 = -2441*k + 2442*k - 20453. List the prime factors of k.
113, 181
Let d = 41915 + -19973. What are the prime factors of d?
2, 3, 23, 53
Suppose 19*s = -74 - 2. What are the prime factors of (9 - s) + -8 - -1692?
1697
Let a(i) = 11011*i**3 + 6*i**2 + 1. What are the prime factors of a(1)?
2, 7, 787
Let n = 108208 + -26263. List the prime factors of n.
3, 5, 607
Let u be (-4*(-3)/(-15))/((-1)/(-5)). Let v be (-27)/4*u/8*-8. What are the prime factors of (-1425)/v + 5/((-180)/(-8))?
53
Let o(b) be the second derivative of 27*b**5/20 + 5*b**4/12 + b**3/6 - 6*b**2 + 24*b. What are the prime factors of o(3)?
3, 5, 17
Let z = 16374 + -9165. List the prime factors of z.
3, 89
Let b = -24 - -16. Let d = b + 7. Let o(h) = -110*h - 2. What are the prime factors of o(d)?
2, 3
Let d(b) = 10*b**3 + 4*b**2 - 23*b + 186. What are the prime factors of d(8)?
2, 2689
Let b(n) = 6275*n - 779. List the prime factors of b(2).
79, 149
Suppose -3*t + b + b + 61 = 0, -5*b + 5 = 0. List the prime factors of 377 + -3 + 4/((-28)/t).
7, 53
Let y(r) = -2*r**3 - 2*r**2 + r + 2. Suppose -4*v - 16 = v + b, -b - 4 = v. Let q be y(v). Suppose 21*g - 26*g = -q. What are the prime factors of g?
7
Let w = 26669 + -10938. What are the prime factors of w?
15731
Suppose -5*c + 3*t + 6253 = 0, -274*c - 3*t = -269*c - 6277. List the prime factors of c.
7, 179
Suppose -5*p + 2811 = 4*q, -q - 4*p + 6*p = -693. Let r = 1227 - q. List the prime factors of r.
2, 3, 11
Let t = 272 - 124. Suppose t = j - 148. List the prime factors of j.
2, 37
Let b(s) = 2767*s - 439. What are the prime factors of b(11)?
2, 53, 283
Let a(b) = -36*b**3 - 4*b**2 - 42*b - 200. List the prime factors of a(-11).
2, 3, 7949
Suppose -1277*o + 1293*o = 2992. Let r(u) = u**3 + 4*u**2 - 6*u - 2. Let q be r(-5). Suppose q*v - o - 398 = 0. List the prime factors of v.
3, 5, 13
What are the prime factors of 5 - (-726)/10*980/28?
2, 19, 67
Suppose 4*d - 5*d + 380 = 0. Suppose r + d = 3*u - 89, 5*r = -u + 151. Let j = 227 - u. What are the prime factors of j?
71
List the prime factors of -4 - 0/(9 + -19) - 90984/(-4).
2, 83, 137
Let y = 19055 + 2748. List the prime factors of y.
21803
Let m = 390 - 1116. Let i be (2 - m/4) + (-10)/(-20). Suppose 